 - 1. Let l be t(1). Suppose -w + 513 - l = 0. Is w/8 + 1/4 a composite number?
False
Let o(j) = 99*j**2 + 5*j - 13. Is o(12) a prime number?
True
Suppose 0 = -w - 60 + 245. Suppose -z - 8*z = 846. Let b = w + z. Is b composite?
True
Let l = 13 - 7. Let d(t) = 25*t + 7. Is d(l) a composite number?
False
Suppose 6*n = 8916 + 8082. Suppose d - n = -5*u + 1962, -2*d = 3*u - 2877. Is u prime?
False
Is 221/1105 - -136691*(-4)/(-5) a composite number?
True
Suppose 0 = 4*i - 6024 - 36580. Is i a composite number?
False
Suppose 3*w + 679 + 386 = 0. Let l = w + 1176. Is l a composite number?
False
Let y = -2579 - -5158. Is y prime?
True
Is (-1 - 13)/((-25)/(129275/2)) a composite number?
True
Let q = -650 + 971. Suppose 10*j - 7831 = -q. Is j a composite number?
False
Suppose 0 = -5*g - 5*x + 674535, -269828 = 14*g - 16*g + 5*x. Is g prime?
True
Let l = -283 - -284. Let n = -5 - -2. Is l*n + 90/1 prime?
False
Let g be -2 + 32/4 + -3. Suppose 1464 = 5*k - b, -4*k + 4*b = -g*k - 289. Is k composite?
False
Let v(r) = 17*r - 20. Let d(o) = -8*o + 10. Let g(j) = -13*d(j) - 6*v(j). Let u be g(5). Suppose u*w + 3*w - 417 = 0. Is w prime?
True
Let y(g) be the second derivative of 9*g**5/20 - g**4/6 + 2*g**3/3 - 7*g**2/2 - 2*g. Is y(4) composite?
True
Let s = 21 + -18. Let q be s/(-2)*(-1 - 1). Suppose 2*a - 527 = -c, 139 + 127 = a + q*c. Is a a composite number?
False
Let l(d) = 68*d + 3. Suppose 5*h - 2*b + 3*b = 29, -h = 4*b - 21. Let w be l(h). Suppose t - 78 = -3*x + 13, -3*t + w = -5*x. Is t prime?
False
Let r = 1020 + -1717. Let x = 468 - r. Is x composite?
True
Let m be (-12)/((-2)/(-14)*-2). Is (m/9)/((-4)/(-978)) prime?
False
Suppose 4*t = -4*y + 95896, -t = -6*t - y + 119850. Is t prime?
False
Suppose 14119 = 19*h - 65700. Is h a composite number?
False
Suppose 0 = 2*z - i - 1436, -3*i = 5*z + 445 - 4046. Is z a prime number?
True
Let f(w) = -w**2 - 6*w + 7. Let b be f(-8). Let a(z) = 2*z**2 + 11*z - 4. Let d be a(-12). Is d/12*b/(-6) prime?
True
Let x be (-3)/((-12)/30*(-2)/4). Is (-11868)/(-20) + 6/x composite?
False
Let y(d) = -d**3 - 19*d**2 + 14*d + 24. Let s be y(-22). Let a = 1637 - s. Is a a composite number?
True
Suppose 4*f = -7*f - 31878. Let h = 4799 + f. Is h a composite number?
False
Suppose 11*r = 15*r - 2932. Suppose 4*p - 1975 = r. Is p a prime number?
True
Let m = 4535 + 15594. Is m composite?
False
Let v be (10/(-25))/(1/(-1895)). Suppose 367 = 2*t - 5*k - 0*k, -2*k = -4*t + v. Is t a prime number?
True
Suppose -4*z - y + 18882 = 0, 3*z + 4*y = 5*z - 9450. Suppose 7*v - 1866 - z = 0. Is v prime?
True
Suppose -60*q + 59*q = -4*f + 255550, -3*f + 2*q + 191665 = 0. Is f a prime number?
False
Suppose 0 = 2*y + 11 - 17. Suppose -y*v = -31 - 29. Suppose 0 = 4*s + 5*b - 229 - 1003, v = 5*b. Is s composite?
True
Suppose -2*s + 2*c + 252 = 46, 3*c + 408 = 4*s. Suppose -135 + 11 = 2*o. Let u = s + o. Is u a prime number?
True
Suppose 24 = 3*p + 12. Is (106/p)/(10/140) prime?
False
Let h(z) = z. Let q(x) = x**2 - 3*x - 4. Let d(o) = 6*h(o) + 3*q(o). Let i be d(5). Suppose y = -3*f + 151, 2*y - i = -f + 234. Is y prime?
True
Let u be (-2)/8 + (-37)/(-4). Suppose 41 - 4406 = -u*r. Is r a prime number?
False
Suppose 0 = 7*r + 5 - 47. Suppose -3*k = -r*k + 57. Is k prime?
True
Let p = 12 + -5. Let d(u) = -u**3 + 6*u**2 + 8*u - 3. Let t be d(p). Suppose t*h - 3*h = 127. Is h a prime number?
True
Let x(w) = 61*w - 219. Is x(40) a prime number?
True
Let a(k) = -5*k - 4 + 1 - k + 3*k. Let n be a(-2). Suppose -415 = -n*u + 5*f, f - 192 = -3*u + 247. Is u composite?
True
Suppose -3*a - k + 11720 = 0, 0 = -3*a + a - 2*k + 7812. Is a a composite number?
False
Let i(s) = -20*s**3 + 20*s**2 - 4*s - 7. Is i(-5) composite?
True
Suppose -18*r = -6*r - 750504. Is r a prime number?
False
Suppose 5*g - 113690 = 3*f, -f - 90930 = -4*g - 3*f. Is g a composite number?
True
Suppose -z + 7*v = 6*v + 3, -5*z - v = 21. Let a be (16/z)/(-2) + 1. Suppose -258 = 2*l - 4*l + 2*x, -a*x = l - 149. Is l composite?
True
Suppose 10*a + 20394 = 11*a + 5*d, 0 = -4*a - 5*d + 81531. Is a a composite number?
True
Let r = 44 + -167. Let o = 49 + r. Let x = o + 207. Is x composite?
True
Let p(c) = 20*c**2 + 6*c - 10. Let x be p(-11). Suppose -x - 24129 = -23*s. Is s composite?
False
Let l(g) be the third derivative of -37*g**4/24 - 6*g**2. Suppose -22 = -h + n + 4*n, 0 = 2*n + 10. Is l(h) prime?
False
Suppose v - 6*q = -3*q + 1393, -4*q = -v + 1391. Is v a prime number?
True
Suppose 4*d - 5*u - 30 = 0, -5*d - 5*u + 6*u = -27. Suppose -d*c - 1006 = -l, 4039 = 4*l - 6*c + c. Is l composite?
True
Let l be 4/(-10)*111440/(-16). Suppose -l = -2*j + 2936. Is j prime?
True
Let f(w) = -w**3 + 2*w**2 - 3*w. Let l be f(2). Let a be 2*(-9)/l - 142. Is -4 - -1 - (a - -3) composite?
True
Suppose 5*b - 249215 = 5*u, 5*b - 249215 = 66*u - 63*u. Is b a prime number?
True
Suppose -3*q = 5*n - 1851, -n - 2*q = 148 - 514. Suppose 2*y = 2*g + n, -2*g - 181 = -y - 0*g. Is y prime?
True
Let b(m) = 14*m**3 - 4*m**2 + 3*m - 15. Is b(4) composite?
False
Suppose -35059 = -3*z + 3*n - 1243, 0 = -4*z + 3*n + 45089. Is z prime?
True
Suppose 762 = k - 321. Let s = k - 596. Is s prime?
True
Let h = 35 + -17. Let v be h/(-12)*8/(-3). Suppose -5*m = -v*i + 2159, 0 = 3*i - 0*i + 2*m - 1625. Is i prime?
True
Let c be (-9)/(-12) + 9/4. Suppose c*h - 1923 = -0*h. Let g = h - 376. Is g prime?
False
Suppose 2*b + a + 2 = 9, -b - a + 1 = 0. Let j be 6285/10 + b/4. Suppose -3*o + j = -3*x, 2*o - o + x - 212 = 0. Is o composite?
False
Let f be ((-2)/(-7))/((-7)/(-98)). Suppose 0 = -3*o + o + f. Is 54/12 - o/4 a prime number?
False
Let m = 17290 - -493. Is m a prime number?
True
Suppose 3*q - 279 = -957. Let c = q + 153. Is 3/(12/4) - c a composite number?
True
Suppose -o - o = 3*z - 22, -38 = -4*o - 3*z. Let c(y) = 18*y**3 - y + 8. Let j be c(6). Is j/o - 3/(-4) a prime number?
True
Let v(z) = -154*z - 2. Let p be v(-3). Let o = p - -25. Suppose 5*i + 130 - o = 0. Is i prime?
True
Suppose -3*b + 5*s = -5883, -5*b = -b + 3*s - 7815. Suppose -b = -4*v - 3*n, v = -2*v + 2*n + 1467. Is v a prime number?
False
Let h be (9/(-6))/(((-15)/12)/5). Let d(k) be the second derivative of 12*k**3 - 13*k**2/2 + 3*k. Is d(h) a composite number?
False
Suppose -25 = -r - 20. Suppose 0 = r*z + v - 4057, 3*z + v = -2*v + 2439. Suppose 285 = s + 5*k, 2*s = 5*s + 4*k - z. Is s composite?
True
Let g(r) = -581*r + 200. Is g(-13) a prime number?
True
Suppose 0 = 3*t - 4*t - 2, 0 = -3*u - 2*t + 100613. Is u a prime number?
False
Let x = 71 + -70. Is 12/3 - (x + -628) composite?
False
Let h(y) be the second derivative of -21*y**5/5 + y**3/2 + y**2/2 - 2*y. Let i(a) = -a**3 - 9*a**2 + 22*a - 2. Let r be i(-11). Is h(r) prime?
False
Suppose 30 = -5*p - 0. Is (-2)/p - 2934/(-27) a prime number?
True
Suppose 5*x + 30 - 5 = 0. Let q = 11 + x. Suppose q + 0 = f. Is f prime?
False
Suppose -2*a - 7 = -3*z, -z = z + a - 7. Suppose -1472 = -z*s + 346. Is (-1)/(s/(-201) + 3) prime?
True
Let v = 11360 - 7269. Is v composite?
False
Let m = 16984 - 665. Is m prime?
True
Suppose 7*c - 289 = 488. Let z = c + 248. Is z a composite number?
False
Suppose 14*h = 138712 - 21798. Is h prime?
False
Let i(u) = u**2 - 8*u + 107. Is i(-36) a composite number?
True
Suppose 0 = 4*a - 39 - 13. Let p be 24/a - 16/(-104). Is p - 1 - 676/(-13) a prime number?
True
Let f = 3 - -12. Let v be f/(-4) - 1/4. Is 114 - ((-12)/(-4) + v) a composite number?
True
Let v(h) = 82*h**2 - 4*h + 1. Let o = -26 + 23. Is v(o) prime?
True
Suppose k + 24 = 841. Let h = -203 + k. Is h prime?
False
Let p(j) = -30*j + 6. Let s be p(11). Let w = s + 526. Is w prime?
False
Let h be (-12)/(-42) + (-3764)/(-7) + 3. Let j = -287 + h. Is j composite?
True
Suppose -2*l = -4*l + 4. Suppose l*q = -q - 120. Is 328/10 - 8/q prime?
False
Suppose 2*k + 5*p - 206369 + 55379 = 0, 5*k + 4*p - 377509 = 0. Is k prime?
False
Suppose -869 = -5*j + 941. Is j a composite number?
True
Let o be (-33)/(-88) + (-154)/(-16). Let k(x) = -x**3 + 10*x**2 + 12*x - 11. Is k(o) prime?
True
Let x be 14/(-21)*(-963)/(-6). Let w = 211 + x. Let z = w + -73. Is z a composite number?
False
Suppose 2*t - 1084 = 298. Is t prime?
True
Suppose -4*s - a + 72864 = 0, 4*s + 84*a - 89*a - 72840 = 0. Is s composite?
True
Is (-6)/10 - (-109540)/25 -